*3 + 7*o**2 - 7*o - 2. Let d be r(-3). List the prime factors of 350 + (d - -1 - 3).
349
Let h = -39044 + 69910. List the prime factors of h.
2, 11, 23, 61
What are the prime factors of (-1033)/(-6)*191 + 4/24?
2, 8221
Let z = -1374 + 2571. Suppose 10*b = b + z. What are the prime factors of b?
7, 19
What are the prime factors of -8*(-5)/(-10) - (-116856)/12?
2, 31, 157
Let i(q) = -1849*q + 648. List the prime factors of i(-3).
3, 5, 7, 59
Let n(i) = -i**3 + 2*i**2 - i. Let w be n(2). Let v be -1*(-5 + (-6)/w). Suppose -q - m + 95 = 0, -2*q + q + 101 = -v*m. What are the prime factors of q?
97
Let v(m) = 3*m**2 - 9*m + 5. Let u be v(3). Suppose 0 = u*q - 2*q - 24. List the prime factors of 40/((-4)/q - -1).
2, 5
Let l(q) = 53*q**2 + 78*q + 23. List the prime factors of l(13).
2, 19, 263
Let v(m) = m**2 - 11*m + 31. Let i be v(7). Suppose i*h + 588 = 3*p, -p = 3*h + h - 176. List the prime factors of p.
2, 3
Suppose 256 = -15*w - 299. Let o = 39 + w. Suppose -o*r = -2*a + 86, -7*a + 4*a + 128 = -4*r. List the prime factors of a.
2, 11
Let j(n) = 530*n - 39 - 95 - 495*n. List the prime factors of j(5).
41
Let q(a) = 494*a**3 + 6*a**2 - 3*a + 1. List the prime factors of q(2).
11, 19
Let q(t) = -3*t**2 + 75*t + 99. What are the prime factors of q(23)?
3, 79
Let k(b) = b**2 - 19*b + 9240. Let o be k(0). Suppose 15*g = 3*g + o. List the prime factors of g.
2, 5, 7, 11
Let j(d) = -11*d - 8. Let l be j(-4). Suppose -4*o - l = -32. What are the prime factors of -3 - (152 + -3)/o?
2, 73
List the prime factors of ((-26928)/(-462))/(2/791).
2, 3, 17, 113
What are the prime factors of 3*(-358662)/(-108) - (105/(-18))/(-7)?
2, 17, 293
Let g be -5 + -21*2/(-6). Let s be g - 5 - (-9)/(-6)*-2. Suppose s*z = -12*z + 1656. List the prime factors of z.
2, 3, 23
Let x = 188 - 182. Suppose 0*n = -x*n + 30. What are the prime factors of n?
5
Let n(w) be the third derivative of 26*w**5/15 - w**4/12 - w**3/3 - w**2. Let y be 2/(1 + (5 - 8)). List the prime factors of n(y).
2, 13
Suppose 10088 = 5*n - 2*a, 5*a - 6250 + 222 = -3*n. Suppose -n = -43*y + 36*y. What are the prime factors of y?
2, 3
Let d(k) = -171*k**3 + 68*k**2 - 2*k + 43. List the prime factors of d(-7).
2, 67, 463
Suppose 0 = -424*q + 428*q. Suppose q = -4*p - 242 + 2314. What are the prime factors of p?
2, 7, 37
What are the prime factors of (4/5)/((-4)/30*(-9)/3831)?
2, 1277
What are the prime factors of (1 - -1)*(-22)/110 + (-41372)/(-5)?
2, 3, 7, 197
Let q(b) = 803*b + 1404. List the prime factors of q(11).
29, 353
Suppose 5*u - 3 = 7. Let r be u/(-4)*2 - 43. Let i = r + 128. What are the prime factors of i?
2, 3, 7
Suppose -4*p = 4*z - 0*z - 16, 2*z + 5*p + 1 = 0. Suppose 1194 = 5*k + 8*l - z*l, 2*k = 5*l + 456. What are the prime factors of k?
2, 7, 17
Let x = -36854 + 68703. List the prime factors of x.
31849
Suppose 3*f + 26 = -10*f. List the prime factors of (1*f/(-8))/(5/25240).
2, 631
Suppose -8*q + 6*q - 5*d = -21199, -5*d = -2*q + 21249. List the prime factors of q.
2, 7, 379
Let z be 2/(-4)*(1 + 324 + 1). Let l = z + 304. List the prime factors of l.
3, 47
Suppose 111*m - 13604 = 92*m. What are the prime factors of m?
2, 179
Let x(j) = j**2 - 130*j + 67. List the prime factors of x(-25).
2, 3, 73
Let v(u) = -4 + 8 + 8 + 4*u**2 - 1. List the prime factors of v(-6).
5, 31
Suppose 3*i - i - 2*p = 272, -2*p + 538 = 4*i. Let y = i + -125. Let o(a) = 3*a**2 - 16*a + 40. List the prime factors of o(y).
2, 3, 5
What are the prime factors of 74/((-7 - -13)/456)?
2, 19, 37
Suppose 0 = 5*n - 3*p + 22, -p + 8 = -3*n + n. List the prime factors of (3/n)/(126/(-21336)).
2, 127
Suppose -4*l + 1 - 25 = 0. Let f be (l/(-13))/(-3) - (-123)/39. Let u(t) = 44*t - 7. What are the prime factors of u(f)?
5
Let w(g) = 35*g**3 + 10*g**2 + 76*g - 747. What are the prime factors of w(9)?
2, 3, 1459
Let a(l) = l**3 - 3*l**2 - 8. Let t be a(4). Suppose -3*b - 1217 = -6*b + 5*x, -t = 2*x. What are the prime factors of b?
3, 7, 19
What are the prime factors of (21163095/(-6020))/((-3)/4) - 2/7?
43, 109
Suppose 4*d - x = 28, 5*x = 4*d + 2*x - 20. Suppose 2*i + 0*y + y = 128, -d = 4*y. Suppose 0*n - 2*u = -n + i, 2*n - 134 = 2*u. List the prime factors of n.
3, 23
Let v = 9915 - 5511. Suppose -21516 - v = -36*d. List the prime factors of d.
2, 3, 5
What are the prime factors of -2*(-173*30/12 + -3)?
13, 67
Suppose -11760*o - 499350 = -11775*o. List the prime factors of o.
2, 5, 3329
Suppose -22*k + 28*k = 0. Suppose -5*j - 4*x + 8*x = -5796, k = -2*j + 2*x + 2318. List the prime factors of j.
2, 5, 29
Let f = -199 - -202. Suppose -f*u + 2*b + 1180 = 0, 5*u + 0*u - 1935 = -3*b. What are the prime factors of u?
2, 3, 5, 13
Suppose -31*s + 5*u = -32*s + 30967, 3*s - 92841 = -3*u. List the prime factors of s.
2, 3, 191
What are the prime factors of 5/(-3 + (-1869866)/(-623257))?
32803
Suppose 34368 = 45*u - 13*u. What are the prime factors of u?
2, 3, 179
List the prime factors of ((-6820)/160 - -43) + 0 + (-1428826)/(-16).
2, 44651
Suppose 30*i + 23*i = 43*i + 103220. List the prime factors of i.
2, 13, 397
Let k(w) = -w**3 + w**2 + 2*w - 1. Let u(s) = -8*s**3 + 5*s**2 + 17*s - 2. Let o(y) = 3*k(y) - u(y). What are the prime factors of o(5)?
3, 173
What are the prime factors of 6 - ((-50640)/8 - 6/(-2))?
3, 2111
List the prime factors of 258/5*555/333.
2, 43
Let q = -22958 - -40879. List the prime factors of q.
17921
Let w(m) = -17*m - 8. Let o(s) = 2*s. Let j(t) = 4*o(t) + w(t). Suppose -28 = 5*k - k. List the prime factors of j(k).
5, 11
Let n(v) be the first derivative of 7*v**2 - 142*v - 60. List the prime factors of n(27).
2, 59
Let k(g) = 1039*g**3 + 4*g**2 - 4*g + 3. Let v be k(2). Suppose 17*j - 24*j + v = 0. What are the prime factors of j?
29, 41
Let m(k) = -k**3 - k**2 - k - 26. Let h be m(-6). Let s = 376 - h. What are the prime factors of s?
2, 3
Let t(k) = 263*k + 401. What are the prime factors of t(16)?
11, 419
Suppose -3*i = -4*w - 27914 + 174890, w = 3*i + 36735. List the prime factors of w.
3, 1361
Let y = -567 + 1212. Let r = y + -228. List the prime factors of r.
3, 139
Suppose 0 = 2*i + 2 + 4. Let y(k) = k**3 + k**2 - k + 2. Let n(w) = 2*w**3 + w**2 - w. Let r(b) = -n(b) - y(b). What are the prime factors of r(i)?
5, 11
Let z(t) = 28*t**2 - 10*t + 89. What are the prime factors of z(-8)?
37, 53
Let o = -110 - -522. Let n = o - -716. What are the prime factors of n?
2, 3, 47
Suppose 196*s = 1035189 + 632450 - 317395. List the prime factors of s.
83
Let j(b) = -362*b + 563. List the prime factors of j(-11).
3, 5, 101
Suppose 0 = -f - r + 2303, 26*r - 6917 = -3*f + 27*r. What are the prime factors of f?
5, 461
Suppose -186*g = -83*g - 1050806. List the prime factors of g.
2, 5101
Suppose 21*c + 120 = 26*c. List the prime factors of 640/c - (-8)/6.
2, 7
Suppose -4*r + 35277 = 4*p - 9651, 4*r - 11256 = -p. What are the prime factors of p?
2, 23, 61
Suppose -7*z + 174 = 62. Let x be (-7)/(-2) - (-24)/z. Suppose -2*a - 27 = -4*m - 97, x*a + 4*m = 147. List the prime factors of a.
31
Let u(h) = -h**2 - 15*h + 16. Let o be u(-16). Suppose o = -15*w - 13*w + 20048. List the prime factors of w.
2, 179
Let f = 190 - -34351. What are the prime factors of f?
13, 2657
Suppose -4*r - 20 = 0, 3*v + 93 = 7*v - 5*r. Suppose v*z + 3175 = 5*i + 13*z, 0 = -2*z. What are the prime factors of i?
5, 127
Suppose 0 = 9*g - 11*g + 54. Let z(a) = 14*a - 149. List the prime factors of z(g).
229
Suppose -3*f + 35 = 4*f. Suppose 4*u + 78 = 4*o - 310, f*o = -5*u + 505. Suppose 5*x - 2*x - 424 = -4*n, n - o = x. What are the prime factors of n?
103
List the prime factors of 105/(-525) + 26392/10.
7, 13, 29
Let m(w) = 22*w**2 - 31*w + 6. Let b be m(-5). Suppose t = v + b, -3*t - 2*v = 646 - 2779. List the prime factors of t.
3, 79
Let h = -6735 - -13560. List the prime factors of h.
3, 5, 7, 13
Suppose -19*m + 25*m = 19*m - 231075. What are the prime factors of m?
3, 5, 79
Suppose -5*p = 2*c - 29, -7*p + 6*p = 3*c - 11. Suppose 4*z + p*b = 1375, 136 = z - 3*b - 195. List the prime factors of z.
2, 5, 17
Let k = 1931 - -2697. List the prime factors of k.
2, 13, 89
Suppose 10*n - 411754 = u, 4*n = -362*u + 358*u + 164728. List the prime factors of n.
2, 5147
Let g = 4703 + 3616. List the prime factors of g.
3, 47, 59
Let v = 38157 + 